6
154
100011000 (base 2) to base 5
2110
What is 10 (base 2) in base 10?
2
What is -3 (base 8) in base 11?
-3
What is 16 (base 9) in base 7?
21
What is 16 (base 16) in base 7?
31
What is -4 (base 13) in base 6?
-4
Convert 20 (base 6) to base 13.
c
What is -20 (base 12) in base 10?
-24
Convert 2 (base 5) to base 12.
2
Convert 10 (base 15) to base 13.
12
What is 1221 (base 3) in base 10?
52
What is -2 (base 15) in base 3?
-2
What is 1100111 (base 2) in base 13?
7c
Convert -2 (base 5) to base 14.
-2
Convert -1110 (base 2) to base 12.
-12
Convert -2 (base 4) to base 6.
-2
113 (base 6) to base 14
33
14 (base 8) to base 3
110
98 (base 15) to base 7
263
What is -1 (base 11) in base 4?
-1
3 (base 11) to base 8
3
What is 1101010 (base 2) in base 15?
71
What is -17 (base 9) in base 13?
-13
Convert 0 (base 6) to base 5.
0
-1220 (base 4) to base 15
-6e
-157 (base 8) to base 14
-7d
What is -4 (base 15) in base 3?
-11
What is 11 (base 6) in base 13?
7
Convert 9 (base 16) to base 13.
9
Convert 100001 (base 2) to base 13.
27
What is -214 (base 8) in base 16?
-8c
What is 1 (base 10) in base 4?
1
0 (base 13) to base 5
0
What is 13 (base 9) in base 15?
c
-104 (base 8) to base 14
-4c
What is 8 (base 16) in base 14?
8
What is -b (base 16) in base 13?
-b
What is -6 (base 15) in base 12?
-6
-12 (base 4) to base 12
-6
Convert -133 (base 11) to base 5.
-1112
-163 (base 7) to base 4
-1132
1203 (base 4) to base 2
1100011
-5 (base 6) to base 2
-101
What is 62 (base 12) in base 8?
112
What is -35 (base 6) in base 7?
-32
-16 (base 9) to base 10
-15
1 (base 15) to base 5
1
3132 (base 4) to base 14
11c
What is -103 (base 16) in base 7?
-520
Convert 1a (base 11) to base 15.
16
-1003 (base 4) to base 14
-4b
Convert -15 (base 7) to base 16.
-c
Convert -110 (base 3) to base 15.
-c
Convert -87 (base 11) to base 16.
-5f
Convert -2 (base 5) to base 15.
-2
Convert 3 (base 4) to base 10.
3
3 (base 9) to base 8
3
Convert 12 (base 15) to base 7.
23
What is -1e (base 15) in base 8?
-35
83 (base 14) to base 9
137
-3 (base 15) to base 10
-3
What is 1 (base 12) in base 8?
1
Convert 1053 (base 7) to base 2.
101111101
Convert -2 (base 16) to base 11.
-2
Convert 11c (base 15) to base 12.
190
What is 12 (base 7) in base 2?
1001
Convert 67 (base 14) to base 7.
160
Convert -3 (base 6) to base 5.
-3
Convert 10 (base 7) to base 8.
7
Convert -d (base 14) to base 5.
-23
What is 4 (base 12) in base 5?
4
What is 211 (base 3) in base 4?
112
-11 (base 11) to base 6
-20
Convert -14 (base 10) to base 16.
-e
4 (base 11) to base 13
4
What is 1 (base 15) in base 5?
1
18 (base 13) to base 11
1a
What is 4 (base 12) in base 13?
4
Convert -2 (base 13) to base 9.
-2
What is 27 (base 11) in base 13?
23
16 (base 10) to base 3
121
What is 221 (base 4) in base 11?
38
Convert 270 (base 10) to base 12.
1a6
Convert 10110010 (base 2) to base 16.
b2
Convert -1100 (base 2) to base 10.
-12
What is -102 (base 5) in base 12?
-23
What is 2 (base 13) in base 11?
2
What is -3 (base 8) in base 15?
-3
Convert 1220 (base 3) to base 16.
33
-c (base 13) to base 14
-c
Convert -19 (base 11) to base 10.
-20
Convert 72 (base 8) to base 11.
53
Convert -3 (base 7) to base 11.
-3
What is -18 (base 14) in base 16?
-16
What is 441 (base 6) in base 5?
1134
Convert -3 (base 8) to base 6.
-3
58 (base 9) to base 13
41
What is 36 (base 8) in base 2?
11110
1 (base 9) to base 6
1
46 (base 16) to base 10
70
-13 (base 13) to base 15
-11
-1 (base 15) to base 7
-1
100 (base 5) to base 3
221
Convert -221 (base 3) to base 2.
-11001
Convert -4 (base 14) to base 10.
-4
Convert -1b (base 15) to base 6.
-42
Convert -1 (base 8) to base 15.
-1
What is 14 (base 6) in base 4?
22
What is -2 (base 9) in base 13?
-2
Convert -9 (base 14) to base 6.
-13
What is -25 (base 9) in base 2?
-10111
-3a (base 15) to base 6
-131
1 (base 3) to base 5
1
What is -323 (base 4) in base 3?
-2012
What is -2 (base 9) in base 13?
-2
-24 (base 8) to base 6
-32
Convert -100 (base 3) to base 10.
-9
Convert 3 (base 13) to base 9.
3
-60 (base 15) to base 3
-10100
2 (base 15) to base 6
2
-c1 (base 13) to base 11
-133
-6 (base 16) to base 13
-6
Convert 123 (base 5) to base 11.
35
-1 (base 11) to base 9
-1
Convert -4 (base 13) to base 4.
-10
37 (base 13) to base 11
42
Convert -2 (base 5) to base 15.
-2
What is -101 (base 2) in base 7?
-5
-42 (base 10) to base 7
-60
Convert 237 (base 9) to base 2.
11000100
What is 266 (base 10) in base 11?
222
2 (base 10) to base 15
2
What is -10010 (base 2) in base 10?
-18
Convert 6 (base 13) to base 4.
12
330 (base 4) to base 3
2020
What is 53 (base 13) in base 5?
233
Convert b1 (base 16) to base 9.
216
What is 2 (base 15) in base 3?
2
Convert 1 (base 2) to base 6.
1
Convert -59 (base 15) to base 9.
-103
221 (base 3) to base 16
19
What is -2 (base 14) in base 7?
-2
59 (base 14) to base 13
61
-354 (base 6) to base 7
-262
Convert -14 (base 5) to base 6.
-13
What is -9 (base 12) in base 4?
-21
5 (base 15) to base 9
5
103 (base 5) to base 12
24
Convert 2 (base 7) to base 15.
2
What is -115 (base 8) in base 5?
-302
What is 1100 (base 3) in base 8?
44
Convert -141 (base 8) to base 3.
-10121
What is -21 (base 12) in base 13?
-1c
-30 (base 14) to base 11
-39
Convert 2a (base 11) to base 6.
52
-3 (base 10) to base 14
-3
What is 15 (base 10) in base 14?
11
Convert 1 (base 5) to base 6.
1
What is 0 (base 14) in base 5?
0
What is -7 (base 15) in base 5?
-12
-4 (base 9) to base 12
-4
23 (base 5) to base 12
11
16 (base 13) to base 11
18
13 (base 7) to base 15
a
What is 43 (base 9) in base 16?
27
Convert -3 (base 16) to base 10.
-3
Convert 89 (base 10) to base 12.
75
0 (base 16) to base 14
0
What is -6 (base 14) in base 16?
-6
4 (base 10) to base 16
4
What is 12a (base 12) in base 4?
2302
Convert -100 (base 2) to base 8.
-4
Convert -2 (base 8) to base 14.
-2
Convert -34 (base 6) to base 2.
-10110
23 (base 6) to base 9
16
Convert 1002 (base 4) to base 3.
2110
Convert 222 (base 7) to base 12.
96
-195 (base 10) to base 3
-21020
What is 25 (base 16) in base 14?
29
5 (base 13) to base 16
5
What is -2b (base 13) in base 7?
-52
What is 10 (base 6) in base 8?
6
4 (base 13) to base 4
10
What is 11 (base 2) in base 11?
3
19 (base 11) to base 15
15
What is -23 (base 13) in base 5?
-104
What is -22 (base 3) in base 2?
-1000
Convert -2 (base 16) to base 13.
-2
-3 (base 13) to base 6
-3
Convert -402 (base 5) to base 4.
-1212
Convert 10 (base 9) to base 13.
9
-12 (base 3) to base 14
-5
-20 (base 6) to base 4
-30
What is -10 (base 4) in base 7?
-4
Convert -1 (base 11) to base 9.
-1
Convert -11 (base 3) to base 8.
-4
What is 5 (base 12) in base 3?
12
Convert 0 (base 6) to base 4.
0
Convert -107 (base 14) to base 3.
-21112
Convert -d (base 14) to base 16.
-d
Convert -27 (base 9) to base 12.
-21
What is 4 (base 16) in base 15?
4
Convert a (base 14) to base 7.
13
-1 (base 2) to base 5
-1
What is 201 (base 12) in base 2?
100100001
Convert 65 (base 7) to base 5.
142
-12a (base 12) to base 6
-454
Convert -3a (base 13) to base 6.
-121
What is 111 (base 2) in base 11?
7
Convert -71 (base 12) to base 7.
-151
-6 (base 12) to base 11
-6
Convert 1210 (base 3) to base 2.
110000
What is 14 (base 8) in base 9?
13
What is -27 (base 10) in base 16?
-1b
101 (base 3) to base 12
a
0 (base 15) to base 5
0
1124 (base 5) to base 6
432
What is a (base 15) in base 6?
14
-254 (base 6) to base 15
-71
Convert 12 (base 12) to base 8.
16
What is -a6 (base 11) in base 2?
-1110100
What is -40 (base 6) in base 8?
-30
Convert -15 (base 14) to base 9.
-21
Convert 2 (base 15) to base 11.
2
Convert -54 (base 6) to base 13.
-28
-1a (base 15) to base 4
-121
-1 (base 6) to base 5
-1
-1 (base 4) to base 12
-1
Convert 5 (base 6) to base 9.
5
Convert 1 (base 12) to base 14.
1
-310 (base 4) to base 9
-57
What is 100100 (base 2) in base 15?
26
Convert 2 (base 11) to base 15.
2
What is -5 (base 8) in base 13?
-5
-2 (base 14) to base 9
-2
What is 11 (base 4) in base 15?
5
Convert -b7 (base 14) to base 5.
-1121
What is 33 (base 4) in base 12?
13
5 (base 8) to base 16
5
Convert 231 (base 4) to base 11.
41
What is -223 (base 4) in base 9?
-47
-1 (base 8) to base 7
-1
What is -1001 (base 2) in base 13?
-9
Convert -4 (base 16) to base 4.
-10
-2 (base 16) to base 12
-2
What is -49 (base 12) in base 9?
-63
a (base 12) to base 13
a
Convert 